{"id":414,"date":"2017-06-08T19:28:33","date_gmt":"2017-06-08T19:28:33","guid":{"rendered":"http:\/\/epamsa.com\/?page_id=414"},"modified":"2023-12-27T15:07:22","modified_gmt":"2023-12-27T15:07:22","slug":"politica-de-tratamiento-de-la-informacion","status":"publish","type":"page","link":"https:\/\/epamsa.com\/index.php\/politica-de-tratamiento-de-la-informacion\/","title":{"rendered":"Pol\u00edtica de Tratamiento de Datos Personales"},"content":{"rendered":"<p style=\"text-align: center;\">\n<ol>\n<li>Presentaci\u00f3n<\/li>\n<\/ol>\n<p>Con el objetivo de dar cumplimiento a la legislaci\u00f3n vigente en materia de protecci\u00f3n de datos, en especial la Ley 1581 de 2012 (y dem\u00e1s normas que la modifiquen, adicionen, complementen o desarrollen) y al Decreto 1377 de 2013, a continuaci\u00f3n lo ponemos al tanto de los aspectos relevantes en relaci\u00f3n con la recolecci\u00f3n, uso y transferencia de datos personales que EPAM S.A.S (en adelante \u201cEpam\u201d o la \u201cCompa\u00f1\u00eda\u201d), realiza de sus datos personales, en virtud de la autorizaci\u00f3n otorgada por usted para adelantar dicho tratamiento, as\u00ed como tambi\u00e9n el manejo.<\/p>\n<p>En esta pol\u00edtica de tratamiento de datos personales (la \u201cPol\u00edtica\u201d) encontrar\u00e1 los lineamientos corporativos y de ley bajo los cuales la Compa\u00f1\u00eda realiza el tratamiento de sus datos, la finalidad, sus derechos como titular, as\u00ed como los procedimientos internos y externos para el ejercicio de tales derechos.<\/p>\n<p>Conforme a lo previsto en el art\u00edculo 15 de la Constituci\u00f3n Pol\u00edtica de Colombia y la legislaci\u00f3n aplicable (Ley 1266 de 2008, Ley 1581 de 2012, Decreto 1377 de 2013 y todas aquellas normas que las reglamenten, adicionen, deroguen o modifiquen), tenemos una clara pol\u00edtica de privacidad y protecci\u00f3n de sus datos personales: no obtenemos informaci\u00f3n personal de terceros que tengan una relaci\u00f3n comercial o jur\u00eddica con la Compa\u00f1\u00eda, incluy\u00e9ndolo a usted, a los Clientes, Empleados o Proveedores, a menos que estos la hayan suministrado voluntariamente mediante su consentimiento previo, expreso y calificado.<\/p>\n<ol start=\"2\">\n<li>Definiciones<\/li>\n<\/ol>\n<p>a) <strong>Autorizaci\u00f3n: <\/strong>Consentimiento previo, expreso e informado del Titular para llevar a cabo el Tratamiento de datos personales;<\/p>\n<p>b) <strong>Base de Datos: <\/strong>Conjunto organizado de datos personales que sea objeto de Tratamiento;<\/p>\n<p><strong>c) Dato personal: <\/strong>Es cualquier pieza de informaci\u00f3n vinculada a una o varias personas determinadas o determinables o que puedan asociarse con una persona natural o jur\u00eddica. Los datos\u00a0\u00a0\u00a0\u00a0 personales pueden ser p\u00fablicos, semiprivados o privados.<\/p>\n<p>d) <strong>Dato p\u00fablico: <\/strong>Es el dato que no sea semiprivado, privado o sensible. Son considerados datos p\u00fablicos, entre otros, los datos relativos al estado civil de las personas, a su profesi\u00f3n u oficio\u00a0\u00a0\u00a0 y\u00a0\u00a0\u00a0 a su calidad de comerciante o de servidor p\u00fablico. Por su naturaleza, los datos p\u00fablicos pueden estar contenidos, entre otros, en registros p\u00fablicos, documentos p\u00fablicos, gacetas y boletines oficiales y sentencias judiciales debidamente ejecutoriadas que no est\u00e9n sometidas a reserva.<\/p>\n<p><strong>e) Dato semiprivado: <\/strong>Es semiprivado el dato que no tiene naturaleza \u00edntima, reservada, ni p\u00fablica y cuyo conocimiento o divulgaci\u00f3n puede interesar no s\u00f3lo a su titular sino a cierto sector o grupo de personas o a la sociedad en general, como el dato financiero y crediticio de actividad comercial o de<\/p>\n<p><strong>f) Dato privado: <\/strong>Es el dato que por su naturaleza \u00edntima o reservada s\u00f3lo es relevante para el<\/p>\n<p><strong>g) Datos sensibles: <\/strong>Se entiende por datos sensibles aquellos que afectan la intimidad del Titular o cuyo uso indebido puede generar su discriminaci\u00f3n, tales como aquellos que revelen el origen racial o \u00e9tnico, la orientaci\u00f3n pol\u00edtica, las convicciones religiosas o filos\u00f3ficas, la pertenencia a sindicatos, organizaciones sociales, de derechos humanos o que promueva intereses de cualquier partido pol\u00edtico o que garanticen los derechos y garant\u00edas de partidos pol\u00edticos de oposici\u00f3n, as\u00ed como los datos relativos a la salud, a la vida sexual, y los datos biom\u00e9tricos.<\/p>\n<p><strong>h) Encargado del Tratamiento: <\/strong>Persona natural o jur\u00eddica, p\u00fablica o privada, que por s\u00ed misma o en asocio con otros, realice el Tratamiento de datos personales por cuenta del Responsable del Tratamiento;<\/p>\n<p><strong>i) Responsable del Tratamiento: <\/strong>Persona natural o jur\u00eddica, p\u00fablica o privada, que por s\u00ed misma o en asocio con otros, decida sobre la base de datos y\/o el Tratamiento de los datos;<\/p>\n<p><strong>j) Titular de la informaci\u00f3n: <\/strong>Persona natural o jur\u00eddica cuyos datos personales sean objeto de Tratamiento;<\/p>\n<p><strong>k) Tratamiento: <\/strong>Cualquier operaci\u00f3n o conjunto de operaciones sobre datos personales, tales como la recolecci\u00f3n, almacenamiento, uso, circulaci\u00f3n o supresi\u00f3n.<\/p>\n<p><strong>l) Aviso de privacidad: <\/strong>Comunicaci\u00f3n verbal o escrita generada por el Responsable, dirigida al Titular para el Tratamiento de sus datos personales, mediante la cual se le informa acerca de la existencia de las pol\u00edticas de Tratamiento de informaci\u00f3n que le ser\u00e1n aplicables, la forma de acceder a las mismas y las finalidades del Tratamiento que se pretende dar a los datos personales.<\/p>\n<p><strong>m) Transferencia: <\/strong>La transferencia de datos tiene lugar cuando el Responsable y\/o Encargado del Tratamiento de datos personales, ubicado en Colombia, env\u00eda la informaci\u00f3n o los datos personales a un receptor, que a su vez es Responsable del Tratamiento y se encuentra dentro o fuera del pa\u00eds.<\/p>\n<p><strong>n) Transmisi\u00f3n: <\/strong>Tratamiento de datos personales que implica la comunicaci\u00f3n de los mismos dentro o fuera del territorio de la Rep\u00fablica de Colombia cuando tenga por objeto la realizaci\u00f3n de un Tratamiento por el Encargado por cuenta del<\/p>\n<p><strong>\u00f1) Fuente de informaci\u00f3n: <\/strong>Es la persona u organizaci\u00f3n que recibe o conoce datos personales de los titulares de la informaci\u00f3n, en virtud de una relaci\u00f3n comercial o de servicio o de cualquier otra \u00edndole y que suministra esos datos, respondiendo por la calidad de ellos, a un operador de informaci\u00f3n.<\/p>\n<p><strong>o) Operador de informaci\u00f3n: <\/strong>Es la persona u organizaci\u00f3n que recibe de la fuente datos personales sobre varios titulares de la informaci\u00f3n, los administra y los pone en conocimiento de los usuarios. Salvo que el operador sea la misma fuente de la informaci\u00f3n, este no tiene relaci\u00f3n comercial o de servicio con el titular y por ende no es responsable por la calidad de los datos que le sean suministrados por la<\/p>\n<p><strong>p) Usuario: <\/strong>Es la persona natural o jur\u00eddica que puede acceder a informaci\u00f3n personal de uno o varios titulares de la informaci\u00f3n suministrada por el operador o por la fuente, o directamente por el titular de la informaci\u00f3n. En el caso en que el usuario a su vez entregue la informaci\u00f3n directamente a un operador, aquella tendr\u00e1 la doble condici\u00f3n de usuario y fuente, y asumir\u00e1 los deberes y responsabilidades de ambos.<\/p>\n<ol start=\"3\">\n<li>Tipo de informaci\u00f3n sujeta a tratamiento.<\/li>\n<\/ol>\n<p>La Compa\u00f1\u00eda reconoce que sus Empleados, Proveedores y Candidatos de trabajo, tienen derecho a contar con una expectativa razonable de su privacidad, teniendo en todo caso para ello en cuenta sus responsabilidades, derechos y obligaciones con la Compa\u00f1\u00eda.<\/p>\n<p>En virtud de la relaci\u00f3n que se establezca entre Usted y la Compa\u00f1\u00eda, \u00e9sta recolecta, almacena y usa esta informaci\u00f3n para el normal funcionamiento de su operaci\u00f3n.<\/p>\n<p>-Datos de Empleados: nombre, identificaci\u00f3n, tel\u00e9fono, direcci\u00f3n, profesi\u00f3n, afiliaciones, salario, correo electr\u00f3nico.<\/p>\n<p>&#8211; Datos de proveedores: nombre, profesi\u00f3n, identificaci\u00f3n, tel\u00e9fono y direcci\u00f3n.<\/p>\n<p>-Datos de candidatos de trabajo: nombre, identificaci\u00f3n, fecha de nacimiento, informaci\u00f3n de estudios,\u00a0 tel\u00e9fono, direcci\u00f3n, correo electr\u00f3nico.<\/p>\n<ol start=\"4\">\n<li>Uso y finalidad del tratamiento.<\/li>\n<\/ol>\n<p>Los datos personales proporcionados por los titulares de la informaci\u00f3n a <strong>ESTUDIOS Y PROYECTOS AMBIENTALES Y MECANICOS EPAM S.A.S<\/strong>\u00a0ser\u00e1n almacenados en las bases de datos de la empresa y ser\u00e1n utilizados para alguna de las siguientes finalidades:<\/p>\n<ul>\n<li>Candidatos de trabajo: El tratamiento de los datos personales se realizar\u00e1 con el fin de adelantar procesos de selecci\u00f3n de personal y contrataci\u00f3n de empleados para vincularlos laboralmente a la firma.<\/li>\n<\/ul>\n<ul>\n<li>Empleados: El tratamiento de los datos se realizar\u00e1 para fines relacionados con su vinculaci\u00f3n, ejecuci\u00f3n y terminaci\u00f3n de la relaci\u00f3n laboral que surja entre el empleado y <strong>ESTUDIOS Y PROYECTOS AMBIENTALES Y MECANICOS EPAM S.A.S<\/strong><\/li>\n<\/ul>\n<ul>\n<li>Proveedores: El tratamiento de los datos se realizar\u00e1 con el fin de contactar y contratar con proveedores productos o servicios que <strong>ESTUDIOS Y PROYECTOS AMBIENTALES Y MECANICOS EPAM S.A.S <\/strong>requiera para el normal funcionamiento de su operaci\u00f3n y para la adecuada dotaci\u00f3n de sus instalaciones u<\/li>\n<\/ul>\n<p>En el tratamiento de los datos personales la permanencia de los mismos estar\u00e1 determinada por su finalidad y el tiempo de retenci\u00f3n estipulado por la organizaci\u00f3n o la ley, es as\u00ed que agotado esto se proceder\u00e1 a su conservaci\u00f3n, eliminaci\u00f3n o destrucci\u00f3n, seg\u00fan sea el caso, adoptando las medidas t\u00e9cnicas estipuladas.<\/p>\n<p><strong>ESTUDIOS Y PROYECTOS AMBIENTALES Y MECANICOS EPAM S.A.S<\/strong> ha adoptado medidas de seguridad razonables para proteger la informaci\u00f3n de los Titulares e impedir el acceso no autorizado a sus datos o cualquier modificaci\u00f3n, divulgaci\u00f3n o destrucci\u00f3n no autorizada de los mismos. El acceso a los datos personales est\u00e1 restringido a aquellos empleados, contratistas, representantes y agentes de la organizaci\u00f3n encargados del tratamiento de los datos y que necesitan conocer los mismos para desempe\u00f1ar sus funciones y desarrollar el objeto social de la entidad. No se permite el acceso a esta informaci\u00f3n por parte de terceros en condiciones diferentes a las anunciadas, a excepci\u00f3n de un pedido expreso del titular de los datos o personas legitimadas de conformidad con la normatividad nacional.<\/p>\n<p>No obstante lo anterior, <strong>ESTUDIOS Y PROYECTOS AMBIENTALES Y MECANICOS EPAM S.A.S<\/strong> no ser\u00e1 responsable por ataques inform\u00e1ticos y en general cualquier acci\u00f3n que tenga como objetivo infringir las medidas de seguridad establecidas para la protecci\u00f3n de los datos personales e informaci\u00f3n diferente a estos contenida en sus equipos inform\u00e1ticos o en aquellos contratados con terceros<\/p>\n<p>La Compa\u00f1\u00eda podr\u00e1 subcontratar a terceros para el procesamiento de determinadas funciones o informaci\u00f3n. Cuando efectivamente subcontratamos con terceros el procesamiento de su informaci\u00f3n personal o proporcionamos su informaci\u00f3n personal a terceros prestadores de servicios, advertimos a dichos terceros sobre la necesidad de proteger dicha informaci\u00f3n personal con medidas de seguridad apropiadas, les prohibimos el uso de su informaci\u00f3n personal para fines propios y les impedimos que divulguen su informaci\u00f3n personal a otros.<\/p>\n<ol start=\"5\">\n<li>Derechos del titular.<\/li>\n<\/ol>\n<p>1.Conocer, actualizar y rectificar sus datos personales frente a <strong>ESTUDIOS Y PROYECTOS AMBIENTALES Y MECANICOS EPAM S.A.S<\/strong> como responsable o encargado del tratamiento, o ejercer el derecho frente a quien haya recibido los datos como resultado de la transmisi\u00f3n de los mismos. Este derecho se podr\u00e1 ejercer, entre otros frente a datos parciales, inexactos, incompletos, fraccionados, que induzcan a error, o aquellos cuyo Tratamiento est\u00e9 expresamente prohibido o no haya sido autorizado, ejerciendo su derecho fundamental de H\u00e1beas data;<\/p>\n<p>2. Solicitar prueba de la autorizaci\u00f3n otorgada a <strong>ESTUDIOS Y PROYECTOS AMBIENTALES Y MECANICOS EPAM S.A.S<\/strong> como responsable del tratamiento salvo cuando expresamente se except\u00fae como requisito para el tratamiento;<\/p>\n<p>3.Ser informado <strong>por ESTUDIOS Y PROYECTOS AMBIENTALES Y MECANICOS EPAM S.A.S <\/strong>como responsable del tratamiento o el encargado del tratamiento, previa solicitud, respecto del uso que le ha dado o se le dar\u00e1 a sus datos personales;<\/p>\n<p>4. Presentar ante la Superintendencia de Industria y Comercio quejas por infracciones al r\u00e9gimen de protecci\u00f3n de datos personales, por un inadecuado manejo de sus datos personales;<\/p>\n<p>5. Revocar la autorizaci\u00f3n y\/o solicitar la supresi\u00f3n del dato cuando en el Tratamiento no se respeten los principios, derechos y garant\u00edas constitucionales y legales, mediante la presentaci\u00f3n de un reclamo. La solicitud de supresi\u00f3n de la informaci\u00f3n y la revocatoria de la autorizaci\u00f3n no proceder\u00e1n cuando el Titular tenga un deber legal o contractual de permanecer en la base de datos;<\/p>\n<p>6. Acceder en forma gratuita a sus datos personales que hayan sido objeto de Tratamiento.<\/p>\n<ol start=\"6\">\n<li>Procedimiento para el ejercicio de sus derechos como titular<\/li>\n<\/ol>\n<p>Los titulares de la informaci\u00f3n que desean ejercer su derecho de conocer, actualizar, rectificar, suprimir y\/o revocar la autorizaci\u00f3n de sus datos <strong>ante ESTUDIOS Y PROYECTOS AMBIENTALES Y MECANICOS EPAM S.A.S,<\/strong>\u00a0debe hacerlo contactando a la empresa de Lunes a Viernes en horario 8:00 AM \u2013 12:00 M y 2:00 PM a 5:00 PM al tel\u00e9fono 2150376 o al correo electr\u00f3nico epamsa@epamsa.com<\/p>\n<p>La petici\u00f3n, queja, consulta o reclamo ser\u00e1 tramitada internamente al \u00e1rea responsable de dar respuesta sujet\u00e1ndose al procedimiento y t\u00e9rminos de respuesta estipulados en cumplimiento a la ley.<\/p>\n<p>El titular de la informaci\u00f3n que desee tramitar una petici\u00f3n, queja, consulta, reclamo o solicitar prueba de su autorizaci\u00f3n otorgada <strong>a ESTUDIOS Y PROYECTOS AMBIENTALES Y MECANICOS EPAM S.A.S<\/strong>\u00a0para el uso de sus datos, deber\u00e1 contemplar el siguiente procedimiento, por el cual se rige este tipo de solicitudes.<\/p>\n<p>Se tramitar\u00e1 la PQR de Lunes a Viernes en horario 8:30 AM \u201312:00 M y 2:00 PM a 5:00 PM al tel\u00e9fono 2150376 o al correo electr\u00f3nico epamsa@epamsa.com\u00a0 realizar la solicitud el titular de la informaci\u00f3n deber\u00e1 presentar los siguientes documentos, seg\u00fan sea el caso:<\/p>\n<ul>\n<li>Si se trata del Titular: Adjuntar copia del documento de identidad.<\/li>\n<li>Si se trata del causahabiente: Documento de identidad, registro civil de defunci\u00f3n del Titular, documento que acredite la calidad en que act\u00faa y el n\u00famero del documento de identidad del Titular.<\/li>\n<li>Si se trata de un representante legal y\/o apoderado: Documento de identidad v\u00e1lido, documento que acredite la calidad en la que act\u00faa (Poder) y el n\u00famero del documento de identidad del Titular.<\/li>\n<\/ul>\n<p>La solicitud deber\u00e1 contener como m\u00ednimo la siguiente informaci\u00f3n:<\/p>\n<ul>\n<li>Nombre del titular del dato personal, y de sus representantes, de ser el caso.<\/li>\n<li>Petici\u00f3n concreta, precisa y razonablemente fundamentada para proceder a dar respuesta.<\/li>\n<li>Direcci\u00f3n f\u00edsica y\/o electr\u00f3nica para notificaciones.<\/li>\n<li>Documentos que soportan la solicitud.<\/li>\n<\/ul>\n<ol start=\"7\">\n<li>Modificaci\u00f3n de esta pol\u00edtica<\/li>\n<\/ol>\n<p>Esta pol\u00edtica puede ser modificada en cualquier momento, avis\u00e1ndole del cambio y se pondr\u00e1 a su disposici\u00f3n la \u00faltima versi\u00f3n de esta Pol\u00edtica o los mecanismos para obtener una copia de la misma.<\/p>\n<p>Fecha de entrada en vigencia: 01 de Diciembre de 2016 . Fecha \u00faltima modificaci\u00f3n: 01 de Diciembre de 2016. Periodo de vigencia de las bases de datos: La vigencia de la base de datos ser\u00e1 el tiempo razonable y necesario para cumplir con las finalidades del tratamiento de la informaci\u00f3n<\/p>\n","protected":false},"excerpt":{"rendered":"<p>Presentaci\u00f3n Con el objetivo de dar cumplimiento a la legislaci\u00f3n vigente en materia de protecci\u00f3n de datos, en especial la Ley 1581 de 2012 (y dem\u00e1s normas que la modifiquen, adicionen, complementen o desarrollen) y al Decreto 1377 de 2013, a continuaci\u00f3n lo ponemos al tanto de los aspectos relevantes [&hellip;]<\/p>\n","protected":false},"author":1,"featured_media":0,"parent":0,"menu_order":0,"comment_status":"closed","ping_status":"closed","template":"","meta":{"footnotes":""},"_links":{"self":[{"href":"https:\/\/epamsa.com\/index.php\/wp-json\/wp\/v2\/pages\/414"}],"collection":[{"href":"https:\/\/epamsa.com\/index.php\/wp-json\/wp\/v2\/pages"}],"about":[{"href":"https:\/\/epamsa.com\/index.php\/wp-json\/wp\/v2\/types\/page"}],"author":[{"embeddable":true,"href":"https:\/\/epamsa.com\/index.php\/wp-json\/wp\/v2\/users\/1"}],"replies":[{"embeddable":true,"href":"https:\/\/epamsa.com\/index.php\/wp-json\/wp\/v2\/comments?post=414"}],"version-history":[{"count":7,"href":"https:\/\/epamsa.com\/index.php\/wp-json\/wp\/v2\/pages\/414\/revisions"}],"predecessor-version":[{"id":539,"href":"https:\/\/epamsa.com\/index.php\/wp-json\/wp\/v2\/pages\/414\/revisions\/539"}],"wp:attachment":[{"href":"https:\/\/epamsa.com\/index.php\/wp-json\/wp\/v2\/media?parent=414"}],"curies":[{"name":"wp","href":"https:\/\/api.w.org\/{rel}","templated":true}]}}